{"id":762,"date":"2024-11-01T08:56:41","date_gmt":"2024-11-01T08:56:41","guid":{"rendered":"https:\/\/infinitysalonoficial.es\/?page_id=762"},"modified":"2024-11-06T16:29:50","modified_gmt":"2024-11-06T16:29:50","slug":"aviso-legal","status":"publish","type":"page","link":"https:\/\/infinitysalonoficial.es\/?page_id=762","title":{"rendered":"Aviso Legal"},"content":{"rendered":"\t\t<div data-elementor-type=\"wp-page\" data-elementor-id=\"762\" class=\"elementor elementor-762\">\n\t\t\t\t<div class=\"elementor-element elementor-element-74a0b37 e-con-full e-flex e-con e-parent\" data-id=\"74a0b37\" data-element_type=\"container\">\n\t\t\t\t<div class=\"elementor-element elementor-element-1a0b501 elementor-widget elementor-widget-text-editor\" data-id=\"1a0b501\" data-element_type=\"widget\" data-widget_type=\"text-editor.default\">\n\t\t\t\t<div class=\"elementor-widget-container\">\n\t\t\t\t\t\t\t<p><strong>Informaci\u00f3n General<\/strong> En cumplimiento con lo establecido en la Ley de Servicios de la Sociedad de la Informaci\u00f3n y Comercio Electr\u00f3nico (LSSI), se ofrece la siguiente informaci\u00f3n:<\/p><ul><li><strong>Titular del sitio web<\/strong>: Infinity<\/li><li><strong>Direcci\u00f3n<\/strong>: [Direcci\u00f3n completa de Infinity]<\/li><li><strong>CIF\/NIF<\/strong>: [N\u00famero fiscal si aplica]<\/li><li><strong>Correo Electr\u00f3nico<\/strong>: [Correo electr\u00f3nico de contacto de Infinity]<\/li><li><strong>Tel\u00e9fono<\/strong>: [N\u00famero de tel\u00e9fono de contacto de Infinity]<\/li><\/ul><p><strong>Condiciones de uso<\/strong> El acceso y navegaci\u00f3n en este sitio web implica la aceptaci\u00f3n de los t\u00e9rminos y condiciones de uso. Infinity se reserva el derecho de modificar, en cualquier momento y sin previo aviso, la presentaci\u00f3n, configuraci\u00f3n y contenidos del sitio web.<\/p>\t\t\t\t\t\t<\/div>\n\t\t\t\t<\/div>\n\t\t\t\t<div class=\"elementor-element elementor-element-abc873b elementor-widget elementor-widget-text-editor\" data-id=\"abc873b\" data-element_type=\"widget\" data-widget_type=\"text-editor.default\">\n\t\t\t\t<div class=\"elementor-widget-container\">\n\t\t\t\t\t\t\t<p><strong>Propiedad intelectual<\/strong> Todo el contenido de este sitio, incluyendo texto, im\u00e1genes, y otros elementos, es propiedad de Infinity o de sus respectivos propietarios, y est\u00e1 protegido por derechos de autor.<\/p><p><strong>Exenci\u00f3n de responsabilidad<\/strong> Infinity no se hace responsable del mal uso que los usuarios puedan hacer del sitio web ni de los da\u00f1os que puedan ocasionarse en los sistemas inform\u00e1ticos de los usuarios.<\/p>\t\t\t\t\t\t<\/div>\n\t\t\t\t<\/div>\n\t\t\t\t<\/div>\n\t\t\t\t<\/div>\n\t\t","protected":false},"excerpt":{"rendered":"<p>Informaci\u00f3n General En cumplimiento con lo establecido en la Ley de Servicios de la Sociedad de la Informaci\u00f3n y Comercio Electr\u00f3nico (LSSI), se ofrece &hellip; <a href=\"https:\/\/infinitysalonoficial.es\/?page_id=762\" class=\"readmore\">More <span class=\"screen-reader-text\">Aviso Legal<\/span> &raquo;<\/a><\/p>\n","protected":false},"author":2,"featured_media":0,"parent":0,"menu_order":0,"comment_status":"closed","ping_status":"closed","template":"","meta":{"footnotes":""},"class_list":["post-762","page","type-page","status-publish","hentry"],"_links":{"self":[{"href":"https:\/\/infinitysalonoficial.es\/index.php?rest_route=\/wp\/v2\/pages\/762","targetHints":{"allow":["GET"]}}],"collection":[{"href":"https:\/\/infinitysalonoficial.es\/index.php?rest_route=\/wp\/v2\/pages"}],"about":[{"href":"https:\/\/infinitysalonoficial.es\/index.php?rest_route=\/wp\/v2\/types\/page"}],"author":[{"embeddable":true,"href":"https:\/\/infinitysalonoficial.es\/index.php?rest_route=\/wp\/v2\/users\/2"}],"replies":[{"embeddable":true,"href":"https:\/\/infinitysalonoficial.es\/index.php?rest_route=%2Fwp%2Fv2%2Fcomments&post=762"}],"version-history":[{"count":7,"href":"https:\/\/infinitysalonoficial.es\/index.php?rest_route=\/wp\/v2\/pages\/762\/revisions"}],"predecessor-version":[{"id":798,"href":"https:\/\/infinitysalonoficial.es\/index.php?rest_route=\/wp\/v2\/pages\/762\/revisions\/798"}],"wp:attachment":[{"href":"https:\/\/infinitysalonoficial.es\/index.php?rest_route=%2Fwp%2Fv2%2Fmedia&parent=762"}],"curies":[{"name":"wp","href":"https:\/\/api.w.org\/{rel}","templated":true}]}}